{"id":676,"date":"2024-10-08T15:05:44","date_gmt":"2024-10-08T13:05:44","guid":{"rendered":"https:\/\/telemesure.com\/?page_id=676"},"modified":"2024-11-28T17:11:51","modified_gmt":"2024-11-28T16:11:51","slug":"solution-saas-securisee-en-france","status":"publish","type":"page","link":"https:\/\/telemesure.com\/index.php\/solution-saas-securisee-en-france\/","title":{"rendered":"Qualit\u00e9 et s\u00e9curit\u00e9"},"content":{"rendered":"\n<div style=\"height:80px\" aria-hidden=\"true\" class=\"wp-block-spacer\"><\/div>\n\n\n\n<div class=\"wp-block-columns alignwide are-vertically-aligned-top is-layout-flex wp-container-core-columns-is-layout-c5150b4a wp-block-columns-is-layout-flex\">\n<div class=\"wp-block-column is-vertically-aligned-top is-layout-flow wp-block-column-is-layout-flow\" style=\"flex-basis:33.33%\">\n<figure class=\"wp-block-image aligncenter size-full is-resized\"><img decoding=\"async\" width=\"300\" height=\"300\" src=\"https:\/\/telemesure.com\/wp-content\/uploads\/2024\/09\/msedge_xtibhGXpZY-300x300-1.png\" alt=\"Solution SaaS s\u00e9curis\u00e9e en France, h\u00e9berg\u00e9e dans des datacenters Tier 3 certifi\u00e9s ISO 27001, offrant une haute disponibilit\u00e9 et un support technique d\u00e9di\u00e9.\" class=\"wp-image-587\" style=\"width:410px;height:auto\" srcset=\"https:\/\/telemesure.com\/wp-content\/uploads\/2024\/09\/msedge_xtibhGXpZY-300x300-1.png 300w, https:\/\/telemesure.com\/wp-content\/uploads\/2024\/09\/msedge_xtibhGXpZY-300x300-1-150x150.png 150w\" sizes=\"(max-width: 300px) 100vw, 300px\" \/><\/figure>\n<\/div>\n\n\n\n<div class=\"wp-block-column is-vertically-aligned-top is-layout-flow wp-block-column-is-layout-flow\">\n<h1 class=\"wp-block-heading\">Solution SaaS s\u00e9curis\u00e9e en France &#8211; Qualit\u00e9 &amp; S\u00e9curit\u00e9<\/h1>\n\n\n\n<div class=\"wp-block-columns is-layout-flex wp-container-core-columns-is-layout-28f84493 wp-block-columns-is-layout-flex\">\n<div class=\"wp-block-column is-layout-flow wp-block-column-is-layout-flow\">\n<hr class=\"wp-block-separator has-text-color has-custom-color-3-color has-alpha-channel-opacity has-custom-color-3-background-color has-background\"\/>\n<\/div>\n\n\n\n<div class=\"wp-block-column is-layout-flow wp-block-column-is-layout-flow\"><\/div>\n\n\n\n<div class=\"wp-block-column is-layout-flow wp-block-column-is-layout-flow\"><\/div>\n<\/div>\n\n\n\n<p><strong>Solution souveraine de confiance :<\/strong> Notre solution SAAS est h\u00e9berg\u00e9e et s\u00e9curis\u00e9e en France dans des datacenters Niveau Tier 3, op\u00e9r\u00e9s par des entreprises Fran\u00e7aises.<\/p>\n\n\n\n<p><strong>Plateforme IOT \u00e0 haute disponibilit\u00e9 :<\/strong> Notre plateforme IOT a un SLA de 99.9% propos\u00e9e en standard et connect\u00e9e aux principaux op\u00e9rateurs de t\u00e9l\u00e9communication (<a href=\"https:\/\/www.application-iot.fr\/cest-quoi-la-technologie-lpwan\/\">LPWAN<\/a>, 4G, Voix, SMS, Satellite).<\/p>\n\n\n\n<p><strong>Assistance technique :<\/strong> Notre assistance technique est disponible pour r\u00e9pondre \u00e0 toutes vos questions et vous aider, par e-mail ou par t\u00e9l\u00e9phone.<\/p>\n\n\n\n<div class=\"wp-block-buttons is-content-justification-center is-layout-flex wp-container-core-buttons-is-layout-a89b3969 wp-block-buttons-is-layout-flex\">\n<div class=\"wp-block-button\"><a class=\"wp-block-button__link has-text-align-center wp-element-button\" href=\"https:\/\/telemesure.com\/index.php\/gestion-des-objets-connectes\/\">Les fonctionnalit\u00e9s<\/a><\/div>\n<\/div>\n<\/div>\n<\/div>\n\n\n\n<div style=\"height:33px\" aria-hidden=\"true\" class=\"wp-block-spacer\"><\/div>\n\n\n\n<div class=\"wp-block-columns is-layout-flex wp-container-core-columns-is-layout-28f84493 wp-block-columns-is-layout-flex\">\n<div class=\"wp-block-column is-layout-flow wp-block-column-is-layout-flow\">\n<div id=\"wp-block-themeisle-blocks-font-awesome-icons-ca9afb2c\" class=\"wp-block-themeisle-blocks-font-awesome-icons\"><span class=\"wp-block-themeisle-blocks-font-awesome-icons-container\"><i class=\"fas fa-sitemap\"><\/i><\/span><\/div>\n\n\n\n<h3 class=\"wp-block-heading has-text-align-center has-medium-font-size\"><strong>Organisation et Administration<\/strong><\/h3>\n\n\n\n<p class=\"has-text-align-center\">Notre structure organisationnelle facilite une communication efficace et garantit une prise en charge adapt\u00e9e de la prestation de services.<\/p>\n<\/div>\n\n\n\n<div class=\"wp-block-column is-layout-flow wp-block-column-is-layout-flow\">\n<div id=\"wp-block-themeisle-blocks-font-awesome-icons-47a86ef2\" class=\"wp-block-themeisle-blocks-font-awesome-icons\"><span class=\"wp-block-themeisle-blocks-font-awesome-icons-container\"><i class=\"fas fa-code\"><\/i><\/span><\/div>\n\n\n\n<h3 class=\"wp-block-heading has-text-align-center has-medium-font-size\"><strong>D\u00e9veloppement d\u2019applications \/ Gestion du changement<\/strong><\/h3>\n\n\n\n<p class=\"has-text-align-center\">Nous suivons tous les changements, incluant la maintenance d\u2019urgence et les correctifs de la plateforme IOT. Ensuite, nous les testons, les autorisons et les mettons en \u0153uvre. Enfin, nous les documentons en utilisant un historique complet des op\u00e9rations sur le code.<\/p>\n<\/div>\n<\/div>\n\n\n\n<div class=\"wp-block-columns is-layout-flex wp-container-core-columns-is-layout-28f84493 wp-block-columns-is-layout-flex\">\n<div class=\"wp-block-column is-layout-flow wp-block-column-is-layout-flow\">\n<div id=\"wp-block-themeisle-blocks-font-awesome-icons-563bcbf3\" class=\"wp-block-themeisle-blocks-font-awesome-icons\"><span class=\"wp-block-themeisle-blocks-font-awesome-icons-container\"><i class=\"fas fa-shield-alt\"><\/i><\/span><\/div>\n\n\n\n<h3 class=\"wp-block-heading has-text-align-center has-medium-font-size\"><strong>S\u00e9curit\u00e9 physique &amp; Environnement<\/strong><\/h3>\n\n\n\n<p class=\"has-text-align-center\">Nous avons choisi des data centers qui contr\u00f4lent et surveillent leurs zones 24h\/24 et 7j\/7. Ils sont certifi\u00e9s ISO 27001 et s&rsquo;engagent dans une d\u00e9marche de management de l&rsquo;\u00e9nergie ISO 50001.<\/p>\n<\/div>\n\n\n\n<div class=\"wp-block-column is-layout-flow wp-block-column-is-layout-flow\">\n<div id=\"wp-block-themeisle-blocks-font-awesome-icons-b5504eb3\" class=\"wp-block-themeisle-blocks-font-awesome-icons\"><span class=\"wp-block-themeisle-blocks-font-awesome-icons-container\"><i class=\"fas fa-tachometer-alt\"><\/i><\/span><\/div>\n\n\n\n<h3 class=\"wp-block-heading has-text-align-center has-medium-font-size\"><strong>Monitoring et Reporting<\/strong><\/h3>\n\n\n\n<p class=\"has-text-align-center\">Un syst\u00e8me automatique surveille en permanence les op\u00e9rations de la plateforme IOT et centralise les \u00e9v\u00e9nements. Notre \u00e9quipe, ainsi que les \u00e9quipes des datacenters, assure un contr\u00f4le continu 24h\/24 et 7j\/7.<\/p>\n<\/div>\n<\/div>\n\n\n\n<div class=\"wp-block-columns is-layout-flex wp-container-core-columns-is-layout-28f84493 wp-block-columns-is-layout-flex\">\n<div class=\"wp-block-column is-layout-flow wp-block-column-is-layout-flow\">\n<div id=\"wp-block-themeisle-blocks-font-awesome-icons-86e43159\" class=\"wp-block-themeisle-blocks-font-awesome-icons\"><span class=\"wp-block-themeisle-blocks-font-awesome-icons-container\"><i class=\"fas fa-key\"><\/i><\/span><\/div>\n\n\n\n<h3 class=\"wp-block-heading has-text-align-center has-medium-font-size\"><strong>S\u00e9curit\u00e9 logique<\/strong><\/h3>\n\n\n\n<p class=\"has-text-align-center\">Chaque compte utilisateur pour acc\u00e9der aux syst\u00e8mes est unique et nominatif. Nous avons mis en place une politique complexe de gestion des mots de passe. De plus, nous contr\u00f4lons l\u2019acc\u00e8s \u00e0 notre infrastructure en utilisant des cl\u00e9s SSH.<\/p>\n<\/div>\n\n\n\n<div class=\"wp-block-column is-layout-flow wp-block-column-is-layout-flow\">\n<div id=\"wp-block-themeisle-blocks-font-awesome-icons-28295b15\" class=\"wp-block-themeisle-blocks-font-awesome-icons\"><span class=\"wp-block-themeisle-blocks-font-awesome-icons-container\"><i class=\"fas fa-tools\"><\/i><\/span><\/div>\n\n\n\n<h3 class=\"wp-block-heading has-text-align-center has-medium-font-size\"><strong>Gestion des incidents<\/strong><\/h3>\n\n\n\n<p class=\"has-text-align-center\">Nous utilisons un outil d&rsquo;administration pour g\u00e9rer les incidents. Cet outil suit chaque incident depuis sa soumission jusqu&rsquo;\u00e0 sa cl\u00f4ture, en veillant \u00e0 ce que la cause soit analys\u00e9e et r\u00e9solue correctement dans les d\u00e9lais pr\u00e9vus.<\/p>\n<\/div>\n<\/div>\n\n\n\n<div id=\"wp-block-themeisle-blocks-font-awesome-icons-7b98185d\" class=\"wp-block-themeisle-blocks-font-awesome-icons\"><span class=\"wp-block-themeisle-blocks-font-awesome-icons-container\"><i class=\"fas fa-database\"><\/i><\/span><\/div>\n\n\n\n<h3 class=\"wp-block-heading has-text-align-center has-medium-font-size\"><strong>Gestion des donn\u00e9es<\/strong><\/h3>\n\n\n\n<p class=\"has-text-align-center\">Nous g\u00e9rons les donn\u00e9es en haute disponibilit\u00e9 et assurons leur redondance. Ensuite, Nous les enregistrons et les sauvegardons p\u00e9riodiquement dans plusieurs datacenters.<\/p>\n\n\n\n<div style=\"height:9px\" aria-hidden=\"true\" class=\"wp-block-spacer\"><\/div>\n\n\n\n<div class=\"wp-block-buttons is-content-justification-center is-layout-flex wp-container-core-buttons-is-layout-a89b3969 wp-block-buttons-is-layout-flex\">\n<div class=\"wp-block-button\"><a class=\"wp-block-button__link wp-element-button\" href=\"https:\/\/telemesure.com\/index.php\/contact\/\">Nous contacter<\/a><\/div>\n<\/div>\n\n\n\n<p><\/p>\n","protected":false},"excerpt":{"rendered":"<p>Solution SaaS s\u00e9curis\u00e9e en France &#8211; Qualit\u00e9 &amp; S\u00e9curit\u00e9 Solution souveraine de confiance : Notre solution SAAS est h\u00e9berg\u00e9e et s\u00e9curis\u00e9e en France dans des datacenters Niveau Tier 3, op\u00e9r\u00e9s par des entreprises Fran\u00e7aises. Plateforme IOT \u00e0 haute disponibilit\u00e9 : Notre plateforme IOT a un SLA de 99.9% propos\u00e9e en standard et connect\u00e9e aux principaux [&hellip;]<\/p>\n","protected":false},"author":2,"featured_media":0,"parent":0,"menu_order":0,"comment_status":"closed","ping_status":"closed","template":"page-no-title","meta":{"_themeisle_gutenberg_block_has_review":false,"footnotes":""},"class_list":["post-676","page","type-page","status-publish","hentry"],"yoast_head":"<!-- This site is optimized with the Yoast SEO plugin v27.5 - https:\/\/yoast.com\/product\/yoast-seo-wordpress\/ -->\n<title>Telemesure.net - Solution SaaS S\u00e9curis\u00e9e en France<\/title>\n<meta name=\"description\" content=\"D\u00e9couvrez notre solution SaaS s\u00e9curis\u00e9e h\u00e9berg\u00e9e en France avec des data centers. Haute disponibilit\u00e9 et s\u00e9curit\u00e9 des donn\u00e9es garanties.\" \/>\n<meta name=\"robots\" content=\"index, follow, max-snippet:-1, max-image-preview:large, max-video-preview:-1\" \/>\n<link rel=\"canonical\" href=\"https:\/\/telemesure.com\/index.php\/solution-saas-securisee-en-france\/\" \/>\n<meta property=\"og:locale\" content=\"fr_FR\" \/>\n<meta property=\"og:type\" content=\"article\" \/>\n<meta property=\"og:title\" content=\"Telemesure.net - Solution SaaS S\u00e9curis\u00e9e en France\" \/>\n<meta property=\"og:description\" content=\"D\u00e9couvrez notre solution SaaS s\u00e9curis\u00e9e h\u00e9berg\u00e9e en France avec des data centers. Haute disponibilit\u00e9 et s\u00e9curit\u00e9 des donn\u00e9es garanties.\" \/>\n<meta property=\"og:url\" content=\"https:\/\/telemesure.com\/index.php\/solution-saas-securisee-en-france\/\" \/>\n<meta property=\"og:site_name\" content=\"Telemesure.net\" \/>\n<meta property=\"article:modified_time\" content=\"2024-11-28T16:11:51+00:00\" \/>\n<meta property=\"og:image\" content=\"https:\/\/telemesure.com\/wp-content\/uploads\/2024\/09\/msedge_xtibhGXpZY-300x300-1.png\" \/>\n\t<meta property=\"og:image:width\" content=\"300\" \/>\n\t<meta property=\"og:image:height\" content=\"300\" \/>\n\t<meta property=\"og:image:type\" content=\"image\/png\" \/>\n<meta name=\"twitter:card\" content=\"summary_large_image\" \/>\n<meta name=\"twitter:label1\" content=\"Dur\u00e9e de lecture estim\u00e9e\" \/>\n\t<meta name=\"twitter:data1\" content=\"2 minutes\" \/>\n<script type=\"application\/ld+json\" class=\"yoast-schema-graph\">{\"@context\":\"https:\\\/\\\/schema.org\",\"@graph\":[{\"@type\":\"WebPage\",\"@id\":\"https:\\\/\\\/telemesure.com\\\/index.php\\\/solution-saas-securisee-en-france\\\/\",\"url\":\"https:\\\/\\\/telemesure.com\\\/index.php\\\/solution-saas-securisee-en-france\\\/\",\"name\":\"Telemesure.net - Solution SaaS S\u00e9curis\u00e9e en France\",\"isPartOf\":{\"@id\":\"https:\\\/\\\/telemesure.com\\\/#website\"},\"primaryImageOfPage\":{\"@id\":\"https:\\\/\\\/telemesure.com\\\/index.php\\\/solution-saas-securisee-en-france\\\/#primaryimage\"},\"image\":{\"@id\":\"https:\\\/\\\/telemesure.com\\\/index.php\\\/solution-saas-securisee-en-france\\\/#primaryimage\"},\"thumbnailUrl\":\"https:\\\/\\\/telemesure.com\\\/wp-content\\\/uploads\\\/2024\\\/09\\\/msedge_xtibhGXpZY-300x300-1.png\",\"datePublished\":\"2024-10-08T13:05:44+00:00\",\"dateModified\":\"2024-11-28T16:11:51+00:00\",\"description\":\"D\u00e9couvrez notre solution SaaS s\u00e9curis\u00e9e h\u00e9berg\u00e9e en France avec des data centers. Haute disponibilit\u00e9 et s\u00e9curit\u00e9 des donn\u00e9es garanties.\",\"breadcrumb\":{\"@id\":\"https:\\\/\\\/telemesure.com\\\/index.php\\\/solution-saas-securisee-en-france\\\/#breadcrumb\"},\"inLanguage\":\"fr-FR\",\"potentialAction\":[{\"@type\":\"ReadAction\",\"target\":[\"https:\\\/\\\/telemesure.com\\\/index.php\\\/solution-saas-securisee-en-france\\\/\"]}]},{\"@type\":\"ImageObject\",\"inLanguage\":\"fr-FR\",\"@id\":\"https:\\\/\\\/telemesure.com\\\/index.php\\\/solution-saas-securisee-en-france\\\/#primaryimage\",\"url\":\"https:\\\/\\\/telemesure.com\\\/wp-content\\\/uploads\\\/2024\\\/09\\\/msedge_xtibhGXpZY-300x300-1.png\",\"contentUrl\":\"https:\\\/\\\/telemesure.com\\\/wp-content\\\/uploads\\\/2024\\\/09\\\/msedge_xtibhGXpZY-300x300-1.png\",\"width\":300,\"height\":300,\"caption\":\"Solution SaaS s\u00e9curis\u00e9e en France, h\u00e9berg\u00e9e dans des datacenters Tier 3 certifi\u00e9s ISO 27001, offrant une haute disponibilit\u00e9 et un support technique d\u00e9di\u00e9.\"},{\"@type\":\"BreadcrumbList\",\"@id\":\"https:\\\/\\\/telemesure.com\\\/index.php\\\/solution-saas-securisee-en-france\\\/#breadcrumb\",\"itemListElement\":[{\"@type\":\"ListItem\",\"position\":1,\"name\":\"Home\",\"item\":\"https:\\\/\\\/telemesure.com\\\/\"},{\"@type\":\"ListItem\",\"position\":2,\"name\":\"Qualit\u00e9 et s\u00e9curit\u00e9\"}]},{\"@type\":\"WebSite\",\"@id\":\"https:\\\/\\\/telemesure.com\\\/#website\",\"url\":\"https:\\\/\\\/telemesure.com\\\/\",\"name\":\"Telemesure\",\"description\":\"Plateforme d&#039;Hypervision IoT multi-r\u00e9seau , D\u00e9velopp\u00e9e par la SNOC pour la gestion des objets connect\u00e9s.\",\"publisher\":{\"@id\":\"https:\\\/\\\/telemesure.com\\\/#organization\"},\"potentialAction\":[{\"@type\":\"SearchAction\",\"target\":{\"@type\":\"EntryPoint\",\"urlTemplate\":\"https:\\\/\\\/telemesure.com\\\/?s={search_term_string}\"},\"query-input\":{\"@type\":\"PropertyValueSpecification\",\"valueRequired\":true,\"valueName\":\"search_term_string\"}}],\"inLanguage\":\"fr-FR\"},{\"@type\":\"Organization\",\"@id\":\"https:\\\/\\\/telemesure.com\\\/#organization\",\"name\":\"Telemesure\",\"url\":\"https:\\\/\\\/telemesure.com\\\/\",\"logo\":{\"@type\":\"ImageObject\",\"inLanguage\":\"fr-FR\",\"@id\":\"https:\\\/\\\/telemesure.com\\\/#\\\/schema\\\/logo\\\/image\\\/\",\"url\":\"https:\\\/\\\/telemesure.com\\\/wp-content\\\/uploads\\\/2024\\\/09\\\/logo-telemesure.net-FINAL-RGB-72dpi_06042018.jpg\",\"contentUrl\":\"https:\\\/\\\/telemesure.com\\\/wp-content\\\/uploads\\\/2024\\\/09\\\/logo-telemesure.net-FINAL-RGB-72dpi_06042018.jpg\",\"width\":766,\"height\":164,\"caption\":\"Telemesure\"},\"image\":{\"@id\":\"https:\\\/\\\/telemesure.com\\\/#\\\/schema\\\/logo\\\/image\\\/\"}}]}<\/script>\n<!-- \/ Yoast SEO plugin. -->","yoast_head_json":{"title":"Telemesure.net - Solution SaaS S\u00e9curis\u00e9e en France","description":"D\u00e9couvrez notre solution SaaS s\u00e9curis\u00e9e h\u00e9berg\u00e9e en France avec des data centers. Haute disponibilit\u00e9 et s\u00e9curit\u00e9 des donn\u00e9es garanties.","robots":{"index":"index","follow":"follow","max-snippet":"max-snippet:-1","max-image-preview":"max-image-preview:large","max-video-preview":"max-video-preview:-1"},"canonical":"https:\/\/telemesure.com\/index.php\/solution-saas-securisee-en-france\/","og_locale":"fr_FR","og_type":"article","og_title":"Telemesure.net - Solution SaaS S\u00e9curis\u00e9e en France","og_description":"D\u00e9couvrez notre solution SaaS s\u00e9curis\u00e9e h\u00e9berg\u00e9e en France avec des data centers. Haute disponibilit\u00e9 et s\u00e9curit\u00e9 des donn\u00e9es garanties.","og_url":"https:\/\/telemesure.com\/index.php\/solution-saas-securisee-en-france\/","og_site_name":"Telemesure.net","article_modified_time":"2024-11-28T16:11:51+00:00","og_image":[{"width":300,"height":300,"url":"https:\/\/telemesure.com\/wp-content\/uploads\/2024\/09\/msedge_xtibhGXpZY-300x300-1.png","type":"image\/png"}],"twitter_card":"summary_large_image","twitter_misc":{"Dur\u00e9e de lecture estim\u00e9e":"2 minutes"},"schema":{"@context":"https:\/\/schema.org","@graph":[{"@type":"WebPage","@id":"https:\/\/telemesure.com\/index.php\/solution-saas-securisee-en-france\/","url":"https:\/\/telemesure.com\/index.php\/solution-saas-securisee-en-france\/","name":"Telemesure.net - Solution SaaS S\u00e9curis\u00e9e en France","isPartOf":{"@id":"https:\/\/telemesure.com\/#website"},"primaryImageOfPage":{"@id":"https:\/\/telemesure.com\/index.php\/solution-saas-securisee-en-france\/#primaryimage"},"image":{"@id":"https:\/\/telemesure.com\/index.php\/solution-saas-securisee-en-france\/#primaryimage"},"thumbnailUrl":"https:\/\/telemesure.com\/wp-content\/uploads\/2024\/09\/msedge_xtibhGXpZY-300x300-1.png","datePublished":"2024-10-08T13:05:44+00:00","dateModified":"2024-11-28T16:11:51+00:00","description":"D\u00e9couvrez notre solution SaaS s\u00e9curis\u00e9e h\u00e9berg\u00e9e en France avec des data centers. Haute disponibilit\u00e9 et s\u00e9curit\u00e9 des donn\u00e9es garanties.","breadcrumb":{"@id":"https:\/\/telemesure.com\/index.php\/solution-saas-securisee-en-france\/#breadcrumb"},"inLanguage":"fr-FR","potentialAction":[{"@type":"ReadAction","target":["https:\/\/telemesure.com\/index.php\/solution-saas-securisee-en-france\/"]}]},{"@type":"ImageObject","inLanguage":"fr-FR","@id":"https:\/\/telemesure.com\/index.php\/solution-saas-securisee-en-france\/#primaryimage","url":"https:\/\/telemesure.com\/wp-content\/uploads\/2024\/09\/msedge_xtibhGXpZY-300x300-1.png","contentUrl":"https:\/\/telemesure.com\/wp-content\/uploads\/2024\/09\/msedge_xtibhGXpZY-300x300-1.png","width":300,"height":300,"caption":"Solution SaaS s\u00e9curis\u00e9e en France, h\u00e9berg\u00e9e dans des datacenters Tier 3 certifi\u00e9s ISO 27001, offrant une haute disponibilit\u00e9 et un support technique d\u00e9di\u00e9."},{"@type":"BreadcrumbList","@id":"https:\/\/telemesure.com\/index.php\/solution-saas-securisee-en-france\/#breadcrumb","itemListElement":[{"@type":"ListItem","position":1,"name":"Home","item":"https:\/\/telemesure.com\/"},{"@type":"ListItem","position":2,"name":"Qualit\u00e9 et s\u00e9curit\u00e9"}]},{"@type":"WebSite","@id":"https:\/\/telemesure.com\/#website","url":"https:\/\/telemesure.com\/","name":"Telemesure","description":"Plateforme d&#039;Hypervision IoT multi-r\u00e9seau , D\u00e9velopp\u00e9e par la SNOC pour la gestion des objets connect\u00e9s.","publisher":{"@id":"https:\/\/telemesure.com\/#organization"},"potentialAction":[{"@type":"SearchAction","target":{"@type":"EntryPoint","urlTemplate":"https:\/\/telemesure.com\/?s={search_term_string}"},"query-input":{"@type":"PropertyValueSpecification","valueRequired":true,"valueName":"search_term_string"}}],"inLanguage":"fr-FR"},{"@type":"Organization","@id":"https:\/\/telemesure.com\/#organization","name":"Telemesure","url":"https:\/\/telemesure.com\/","logo":{"@type":"ImageObject","inLanguage":"fr-FR","@id":"https:\/\/telemesure.com\/#\/schema\/logo\/image\/","url":"https:\/\/telemesure.com\/wp-content\/uploads\/2024\/09\/logo-telemesure.net-FINAL-RGB-72dpi_06042018.jpg","contentUrl":"https:\/\/telemesure.com\/wp-content\/uploads\/2024\/09\/logo-telemesure.net-FINAL-RGB-72dpi_06042018.jpg","width":766,"height":164,"caption":"Telemesure"},"image":{"@id":"https:\/\/telemesure.com\/#\/schema\/logo\/image\/"}}]}},"_links":{"self":[{"href":"https:\/\/telemesure.com\/index.php\/wp-json\/wp\/v2\/pages\/676","targetHints":{"allow":["GET"]}}],"collection":[{"href":"https:\/\/telemesure.com\/index.php\/wp-json\/wp\/v2\/pages"}],"about":[{"href":"https:\/\/telemesure.com\/index.php\/wp-json\/wp\/v2\/types\/page"}],"author":[{"embeddable":true,"href":"https:\/\/telemesure.com\/index.php\/wp-json\/wp\/v2\/users\/2"}],"replies":[{"embeddable":true,"href":"https:\/\/telemesure.com\/index.php\/wp-json\/wp\/v2\/comments?post=676"}],"version-history":[{"count":11,"href":"https:\/\/telemesure.com\/index.php\/wp-json\/wp\/v2\/pages\/676\/revisions"}],"predecessor-version":[{"id":1230,"href":"https:\/\/telemesure.com\/index.php\/wp-json\/wp\/v2\/pages\/676\/revisions\/1230"}],"wp:attachment":[{"href":"https:\/\/telemesure.com\/index.php\/wp-json\/wp\/v2\/media?parent=676"}],"curies":[{"name":"wp","href":"https:\/\/api.w.org\/{rel}","templated":true}]}}