{"id":942,"date":"2024-10-11T10:52:03","date_gmt":"2024-10-11T08:52:03","guid":{"rendered":"https:\/\/telemesure.com\/?page_id=942"},"modified":"2024-10-11T11:50:02","modified_gmt":"2024-10-11T09:50:02","slug":"mentions-legales","status":"publish","type":"page","link":"https:\/\/telemesure.com\/index.php\/mentions-legales\/","title":{"rendered":"Mentions l\u00e9gales"},"content":{"rendered":"\n<p><strong>EDITEUR DU SITE<br><\/strong>Soci\u00e9t\u00e9 Nationale des Objets Connect\u00e9s<br>Forme Juridique : SAS<br>Capital : 38.700\u20ac<br>RCS Angers 809 823 065<\/p>\n\n\n\n<p>Si\u00e8ge Social :<br>7 rue du Bon Puits<br>49480 Verri\u00e8re en Anjou<br>FRANCE<\/p>\n\n\n\n<p>Contact email par formulaire \u00e0 l&rsquo;adresse :&nbsp;<a href=\"https:\/\/telemesure.com\/index.php\/contact\/\">https:\/\/telemesure.com\/index.php\/contact\/<\/a><\/p>\n\n\n\n<p>Num\u00e9ros d&rsquo;appel (standard du si\u00e8ge social) :<br>T\u00e9l : +33 (0)252 350 490<br>Fax : +33 (0)972 250 546<br>du lundi au vendredi de 9h00 \u00e0 17h00 (heure de Paris).<\/p>\n\n\n\n<p><strong>CONDITIONS D&rsquo;UTILISATION<br><\/strong>Ce site web est exploit\u00e9 dans le respect de la l\u00e9gislation fran\u00e7aise. L&rsquo;utilisation de ce site est r\u00e9gie par les pr\u00e9sentes conditions g\u00e9n\u00e9rales. En utilisant le site, vous reconnaissez avoir pris connaissance de ces conditions et les avoir accept\u00e9es. Celles-ci pourront \u00eatre modifi\u00e9es \u00e0 tout moment et sans pr\u00e9avi. Nous ne saurions \u00eatre tenu pour responsable en aucune mani\u00e8re d\u2019une mauvaise utilisation du service.<\/p>\n\n\n\n<p><strong>RESPONSABLE EDITORIAL<br><\/strong>Yannick DESSERTENNE<\/p>\n\n\n\n<p><strong>LIMITATION DE RESPONSABILITE<br><\/strong>Les informations contenues sur ce site sont aussi pr\u00e9cises que possibles. Le site est p\u00e9riodiquement remis \u00e0 jour, mais peut toutefois contenir des inexactitudes, des omissions ou des lacunes. Si vous constatez une lacune, erreur ou ce qui parait \u00eatre un dysfonctionnement, merci de bien vouloir nous le signaler par email en d\u00e9crivant le probl\u00e8me de la mani\u00e8re la plus pr\u00e9cise possible (page posant probl\u00e8me, action d\u00e9clenchante, type d\u2019ordinateur et de navigateur utilis\u00e9, \u2026) en utilisant le formulaire de contact.<\/p>\n\n\n\n<p>Tout contenu t\u00e9l\u00e9charg\u00e9 se fait aux risques et p\u00e9rils de l&rsquo;utilisateur et sous sa seule responsabilit\u00e9. En cons\u00e9quence, Nous ne saurions \u00eatre tenu responsable d&rsquo;un quelconque dommage subi par l&rsquo;ordinateur de l&rsquo;utilisateur ou d&rsquo;une quelconque perte de donn\u00e9es cons\u00e9cutives au t\u00e9l\u00e9chargement.<br><br>Les photos sont non contractuelles.<br><br>Les liens hypertextes mis en place dans le cadre du pr\u00e9sent site internet en direction d&rsquo;autres ressources pr\u00e9sentes sur le r\u00e9seau Internet ne sauraient engager notre responsabilit\u00e9.<\/p>\n\n\n\n<p><strong>LITIGES<br><\/strong>Les pr\u00e9sentes conditions sont r\u00e9gies par les lois fran\u00e7aises et toute contestation ou litiges qui pourraient na\u00eetre de l&rsquo;interpr\u00e9tation ou de l&rsquo;ex\u00e9cution de celles-ci seront de la comp\u00e9tence exclusive des tribunaux dont d\u00e9pend le si\u00e8ge social de la Soci\u00e9t\u00e9 Nationale des Objets Connect\u00e9s SAS. La langue de r\u00e9f\u00e9rence, pour le r\u00e8glement de contentieux \u00e9ventuels, est le fran\u00e7ais.<\/p>\n\n\n\n<p><strong>DECLARATION A LA CNIL<br><\/strong>Conform\u00e9ment \u00e0 la loi 78-17 du 6 janvier 1978 (modifi\u00e9e par la loi 2004-801 du 6 ao\u00fbt 2004 relative \u00e0 la protection des personnes physiques \u00e0 l&rsquo;\u00e9gard des traitements de donn\u00e9es \u00e0 caract\u00e8re personnel) relative \u00e0 l&rsquo;informatique, aux fichiers et aux libert\u00e9s, le site a fait l&rsquo;objet d&rsquo;une d\u00e9claration aupr\u00e8s de la Commission nationale de l&rsquo;informatique et des libert\u00e9s (<a href=\"http:\/\/www.cnil.fr\/\" target=\"_blank\" rel=\"noreferrer noopener\">www.cnil.fr<\/a>).<\/p>\n\n\n\n<p><strong>DROIT D&rsquo;ACCES<br><\/strong>En application de cette loi, les internautes disposent d\u2019un droit d\u2019acc\u00e8s, de rectification, de modification et de suppression concernant les donn\u00e9es qui les concernent personnellement. Ce droit peut \u00eatre exerc\u00e9 par voie postale aupr\u00e8s de Soci\u00e9t\u00e9 Nationale des Objets Connect\u00e9s SAS, 7 rue du Bon Puits, 49480 Verri\u00e8res en Anjou,&nbsp;FRANCE&nbsp; ou par voie \u00e9lectronique via notre formulaire de contact.<\/p>\n\n\n\n<p><strong>PROPRIETE INTELLECTUELLE<br><\/strong>Tout le contenu du pr\u00e9sent site, incluant, de fa\u00e7on non limitative, les graphismes, images, textes, vid\u00e9os, animations, sons, logos, gifs et ic\u00f4nes ainsi que leur mise en forme sont la propri\u00e9t\u00e9 exclusive de la Soci\u00e9t\u00e9 Nationale des Objets Connect\u00e9s SAS&nbsp;\u00e0 l&rsquo;exception des marques, logos ou contenus appartenant \u00e0 d&rsquo;autres soci\u00e9t\u00e9s partenaires ou auteurs.&nbsp;<\/p>\n\n\n\n<p>Toute reproduction, distribution, modification, adaptation, retransmission ou publication, m\u00eame partielle, de ces diff\u00e9rents \u00e9l\u00e9ments est strictement interdite sans notre accord expr\u00e8s par \u00e9crit. Cette repr\u00e9sentation ou reproduction, par quelque proc\u00e9d\u00e9 que ce soit, constitue une contrefa\u00e7on sanctionn\u00e9e par les articles L.3335-2 et suivants du Code de la propri\u00e9t\u00e9 intellectuelle. Le non-respect de cette interdiction constitue une contrefa\u00e7on pouvant engager la responsabilit\u00e9 civile et p\u00e9nale du contrefacteur. En outre, les propri\u00e9taires des Contenus copi\u00e9s pourraient intenter une action en justice \u00e0 votre encontre.<br><br>Soci\u00e9t\u00e9 Nationale des Objets Connect\u00e9s SAS&nbsp;est identiquement propri\u00e9taire des \u00ab\u00a0droits des producteurs de bases de donn\u00e9es\u00a0\u00bb vis\u00e9s au Livre III, Titre IV, du Code de la Propri\u00e9t\u00e9 Intellectuelle (loi n\u00b0 98-536 du 1er juillet 1998) relative aux droits d&rsquo;auteur et aux bases de donn\u00e9es.<br><br>Les utilisateurs et visiteurs du site internet peuvent mettre en place un hyperlien en direction de ce site, mais uniquement en direction de la page d\u2019accueil, accessible \u00e0 l\u2019URL suivante : https:\/\/yadom.fr, \u00e0 condition que ce lien s\u2019ouvre dans une nouvelle fen\u00eatre. En particulier un lien vers une sous page (\u00ab lien profond \u00bb) est interdit, ainsi que l\u2019ouverture du pr\u00e9sent site au sein d\u2019un cadre (\u00ab framing \u00bb), sauf avec notre autorisation expresse et pr\u00e9alable.&nbsp;<\/p>\n\n\n\n<p>Pour toute demande d&rsquo;autorisation ou d&rsquo;information, veuillez nous contacter via notre formulaire de contact. Des conditions sp\u00e9cifiques sont pr\u00e9vues pour la presse.<\/p>\n\n\n\n<p><strong>HEBERGEUR<br><\/strong>OVH SAS<br>RCS Roubaix \u2013 Tourcoing 424 761 419 00045<br>Si\u00e8ge social : 2 rue Kellermann &#8211; 59100 Roubaix &#8211; France<\/p>\n\n\n\n<p><strong>CONFIDENTIALITE<br><\/strong>Vos donn\u00e9es personnelles sont confidentielles et ne seront en aucun cas communiqu\u00e9es \u00e0 des tiers hormis pour la bonne ex\u00e9cution de la prestation. Pour des besoins de fontionnement, de statistiques et d&rsquo;affichage, le pr\u00e9sent site utilise des cookies. Il s&rsquo;agit de petits fichiers textes stock\u00e9s sur votre disque dur afin d&rsquo;enregistrer des donn\u00e9es techniques sur votre navigation. Certaines parties de ce site ne peuvent \u00eatre fonctionnelle sans l\u2019acceptation de cookies.<\/p>\n\n\n\n<p>Cette politique de confidentialit\u00e9 d\u00e9finit la mani\u00e8re dont Yadom.fr utilise et prot\u00e8ge les informations que vous donnez&nbsp;lorsque vous utilisez ce site. Yadom.fr&nbsp;est d\u00e9termin\u00e9 \u00e0 faire en sorte que votre vie priv\u00e9e soit prot\u00e9g\u00e9e.&nbsp;Si nous vous demandons de fournir certaines informations par lesquelles vous pouvez \u00eatre identifi\u00e9 lors de l&rsquo;utilisation de ce site, alors vous pouvez \u00eatre assur\u00e9 qu&rsquo;il ne sera utilis\u00e9 que conform\u00e9ment \u00e0 la pr\u00e9sente d\u00e9claration de confidentialit\u00e9. Yadom.fr&nbsp;peut changer cette politique de temps \u00e0 autre en mettant \u00e0 jour cette page.&nbsp;Vous devriez consulter cette page de temps en temps pour s&rsquo;assurer que vous \u00eates satisfait des changements.<\/p>\n\n\n\n<p>Ce que nous collectons.&nbsp;Nous pouvons recueillir les informations suivantes :<\/p>\n\n\n\n<ul class=\"wp-block-list\">\n<li>Nom<\/li>\n\n\n\n<li>Coordonn\u00e9es incluant l&rsquo;adresse courriel<\/li>\n\n\n\n<li>Informations d\u00e9mographiques telles que code postal, pr\u00e9f\u00e9rences et int\u00e9r\u00eats<\/li>\n\n\n\n<li>D&rsquo;autres informations pertinentes pour les enqu\u00eates clients et \/ ou des offres<\/li>\n<\/ul>\n\n\n\n<p>Nous avons besoin de cette information pour comprendre vos besoins et vous fournir un meilleur service, et en particulier pour les raisons suivantes :<\/p>\n\n\n\n<ul class=\"wp-block-list\">\n<li>Tenue de dossiers internes<\/li>\n\n\n\n<li>Nous pouvons utiliser ces informations pour am\u00e9liorer nos produits et services.&nbsp;Dans ce cadre, nous vous informons que ces donn\u00e9es \u00e0 caract\u00e8re personnel pourront \u00eatre transmises \u00e0 notre partenaire Avis V\u00e9rifi\u00e9s dans le but de collecter votre avis suite \u00e0 une commande.Avis V\u00e9rifi\u00e9s utilisera ces donn\u00e9es personnelles que dans le cadre unique de sa solution et pour les seuls besoins de celle-ci. Avis V\u00e9rifi\u00e9s s\u2019interdit formellement de communiquer \u00e0 quiconque ces informations personnelles ou nominatives permettant d\u2019identifier le consommateur ou portant atteinte au respect de sa vie priv\u00e9e. Vous avez la possibilit\u00e9 de vous opposer \u00e0 la diffusion de ces informations \u00e0 notre partenaire Avis V\u00e9rifi\u00e9s, en nous contactant via le page de contact.<\/li>\n\n\n\n<li>Nous pouvons envoyer p\u00e9riodiquement des e-mails promotionnels sur les nouveaux produits, des offres sp\u00e9ciales ou d&rsquo;autres informations que nous pensons susceptibles de vous int\u00e9resser en utilisant l&rsquo;adresse e-mail que vous avez fournie<\/li>\n\n\n\n<li>De temps en temps, nous pouvons \u00e9galement utiliser vos informations pour vous contacter \u00e0 des fins d&rsquo;\u00e9tudes de march\u00e9.&nbsp;Nous pouvons vous contacter par courriel, t\u00e9l\u00e9phone, fax ou courrier.&nbsp;Nous pouvons utiliser ces informations pour personnaliser le site selon vos int\u00e9r\u00eats<\/li>\n<\/ul>\n\n\n\n<p><br><strong>SECURITE<\/strong><br>Nous sommes d\u00e9termin\u00e9s \u00e0 faire en sorte que vos informations soient s\u00e9curis\u00e9es.&nbsp;Afin d&#8217;emp\u00eacher tout acc\u00e8s non autoris\u00e9 ou la divulgation, nous avons mis en place des proc\u00e9dures physiques, \u00e9lectroniques et de gestion pour sauvegarder et s\u00e9curiser les informations que nous recueillons en ligne.<\/p>\n\n\n\n<p><strong>COMMENT NOUS UTILISONS LES COOKIES<\/strong><br>Un cookie est un petit fichier qui demande la permission d&rsquo;\u00eatre plac\u00e9 sur le disque dur de votre ordinateur.&nbsp;Une fois que vous acceptez, le fichier est ajout\u00e9 et le cookie permet d&rsquo;analyser le trafic web ou vous permet de savoir quand vous visitez un site particulier.&nbsp;Les cookies permettent aux applications Web de vous r\u00e9pondre en tant qu&rsquo;individu.&nbsp;L&rsquo;application Web peut adapter son fonctionnement \u00e0 vos besoins, go\u00fbts et d\u00e9go\u00fbts en recueillant et en m\u00e9morisant des informations sur vos pr\u00e9f\u00e9rences.<br><br>Nous utilisons des cookies de trafic pour identifier quelles pages sont utilis\u00e9es.&nbsp;Cela nous aide \u00e0 analyser les donn\u00e9es sur le trafic Web et d&rsquo;am\u00e9liorer notre site afin de l&rsquo;adapter aux besoins des clients.&nbsp;Nous utiliserons ces informations uniquement \u00e0 des fins d&rsquo;analyse statistique et les donn\u00e9es sont ensuite retir\u00e9s du syst\u00e8me.<br><br>Globalement, les cookies nous aident \u00e0 vous fournir un meilleur site web, en nous permettant de suivre les pages que vous trouvez utiles et celles qui ne le font pas.&nbsp;Un cookie ne nous donne aucunement acc\u00e8s \u00e0 votre ordinateur ou toute information vous concernant, autres que les donn\u00e9es que vous choisissez de partager avec nous.&nbsp;Vous pouvez choisir d&rsquo;accepter ou de refuser les cookies.&nbsp;La plupart des navigateurs Web acceptent automatiquement les cookies, mais vous pouvez g\u00e9n\u00e9ralement modifier les param\u00e8tres de votre navigateur pour refuser les cookies si vous pr\u00e9f\u00e9rez.&nbsp;Cela peut vous emp\u00eacher de profiter pleinement du site.<\/p>\n\n\n\n<p><strong>LIENS VERS D&rsquo;AUTRES SITES<\/strong><br>Notre site Web peut contenir des liens vers d&rsquo;autres sites d&rsquo;int\u00e9r\u00eat.&nbsp;Cependant, une fois que vous avez utilis\u00e9 ces liens pour quitter notre site, vous devez noter que nous n&rsquo;avons aucun contr\u00f4le sur cet autre site.&nbsp;Par cons\u00e9quent, nous ne pouvons pas \u00eatre responsables de la protection et la confidentialit\u00e9 des informations que vous fournissez tout en visitant ces sites et ces sites ne sont pas r\u00e9gies par la pr\u00e9sente d\u00e9claration de confidentialit\u00e9.&nbsp;Vous devez faire preuve de prudence et consulter la d\u00e9claration de confidentialit\u00e9 applicable au site en question.<br>Contr\u00f4le de vos informations personnelles<\/p>\n\n\n\n<p><strong>RESTRICTION DE LA COLLECTE OU DE L&rsquo;UTILISATION DE VOS RENSEIGNEMENTS PERSONNELS<br><\/strong>Vous pouvez choisir de restreindre la collecte ou l&rsquo;utilisation de vos renseignements personnels par les moyens suivants :<\/p>\n\n\n\n<ul class=\"wp-block-list\">\n<li>chaque fois que vous \u00eates invit\u00e9 \u00e0 remplir un formulaire sur le site Web, recherchez la case que vous pouvez cliquer pour indiquer que vous ne voulez pas l&rsquo;information \u00e0 \u00eatre utilis\u00e9s par quiconque \u00e0 des fins de marketing direct<\/li>\n\n\n\n<li>si vous avez d\u00e9j\u00e0 accept\u00e9 que nous utilisions vos renseignements personnels \u00e0 des fins de marketing direct, vous pouvez changer d&rsquo;avis \u00e0 tout moment en nous \u00e9crivant<\/li>\n<\/ul>\n\n\n\n<p>Nous n&rsquo;allons pas vendre, distribuer ou louer vos informations personnelles \u00e0 des tiers sauf si nous avons votre permission ou si nous y sommes requis par la loi de le faire.&nbsp;Nous pouvons utiliser vos informations personnelles pour vous envoyer des informations promotionnelles sur des tiers qui nous pensons susceptibles de vous int\u00e9resser si vous nous dites que vous voulez que cela se produise.<br>Si vous pensez que les informations que nous d\u00e9tenons sur vous sont incorrectes ou incompl\u00e8tes,veuillez nous \u00e9crire.&nbsp;Nous corrigerons rapidement toute information jug\u00e9e incorrecte.<\/p>\n\n\n\n<div style=\"height:100px\" aria-hidden=\"true\" class=\"wp-block-spacer\"><\/div>\n","protected":false},"excerpt":{"rendered":"<p>EDITEUR DU SITESoci\u00e9t\u00e9 Nationale des Objets Connect\u00e9sForme Juridique : SASCapital : 38.700\u20acRCS Angers 809 823 065 Si\u00e8ge Social :7 rue du Bon Puits49480 Verri\u00e8re en AnjouFRANCE Contact email par formulaire \u00e0 l&rsquo;adresse :&nbsp;https:\/\/telemesure.com\/index.php\/contact\/ Num\u00e9ros d&rsquo;appel (standard du si\u00e8ge social) :T\u00e9l : +33 (0)252 350 490Fax : +33 (0)972 250 546du lundi au vendredi de 9h00 [&hellip;]<\/p>\n","protected":false},"author":2,"featured_media":0,"parent":0,"menu_order":0,"comment_status":"closed","ping_status":"closed","template":"","meta":{"_themeisle_gutenberg_block_has_review":false,"footnotes":""},"class_list":["post-942","page","type-page","status-publish","hentry"],"yoast_head":"<!-- This site is optimized with the Yoast SEO plugin v27.5 - https:\/\/yoast.com\/product\/yoast-seo-wordpress\/ -->\n<title>Mentions l\u00e9gales - Telemesure.net<\/title>\n<meta name=\"robots\" content=\"index, follow, max-snippet:-1, max-image-preview:large, max-video-preview:-1\" \/>\n<link rel=\"canonical\" href=\"https:\/\/telemesure.com\/index.php\/mentions-legales\/\" \/>\n<meta property=\"og:locale\" content=\"fr_FR\" \/>\n<meta property=\"og:type\" content=\"article\" \/>\n<meta property=\"og:title\" content=\"Mentions l\u00e9gales - Telemesure.net\" \/>\n<meta property=\"og:description\" content=\"EDITEUR DU SITESoci\u00e9t\u00e9 Nationale des Objets Connect\u00e9sForme Juridique : SASCapital : 38.700\u20acRCS Angers 809 823 065 Si\u00e8ge Social :7 rue du Bon Puits49480 Verri\u00e8re en AnjouFRANCE Contact email par formulaire \u00e0 l&rsquo;adresse :&nbsp;https:\/\/telemesure.com\/index.php\/contact\/ Num\u00e9ros d&rsquo;appel (standard du si\u00e8ge social) :T\u00e9l : +33 (0)252 350 490Fax : +33 (0)972 250 546du lundi au vendredi de 9h00 [&hellip;]\" \/>\n<meta property=\"og:url\" content=\"https:\/\/telemesure.com\/index.php\/mentions-legales\/\" \/>\n<meta property=\"og:site_name\" content=\"Telemesure.net\" \/>\n<meta property=\"article:modified_time\" content=\"2024-10-11T09:50:02+00:00\" \/>\n<meta name=\"twitter:card\" content=\"summary_large_image\" \/>\n<meta name=\"twitter:label1\" content=\"Dur\u00e9e de lecture estim\u00e9e\" \/>\n\t<meta name=\"twitter:data1\" content=\"10 minutes\" \/>\n<script type=\"application\/ld+json\" class=\"yoast-schema-graph\">{\"@context\":\"https:\\\/\\\/schema.org\",\"@graph\":[{\"@type\":\"WebPage\",\"@id\":\"https:\\\/\\\/telemesure.com\\\/index.php\\\/mentions-legales\\\/\",\"url\":\"https:\\\/\\\/telemesure.com\\\/index.php\\\/mentions-legales\\\/\",\"name\":\"Mentions l\u00e9gales - Telemesure.net\",\"isPartOf\":{\"@id\":\"https:\\\/\\\/telemesure.com\\\/#website\"},\"datePublished\":\"2024-10-11T08:52:03+00:00\",\"dateModified\":\"2024-10-11T09:50:02+00:00\",\"breadcrumb\":{\"@id\":\"https:\\\/\\\/telemesure.com\\\/index.php\\\/mentions-legales\\\/#breadcrumb\"},\"inLanguage\":\"fr-FR\",\"potentialAction\":[{\"@type\":\"ReadAction\",\"target\":[\"https:\\\/\\\/telemesure.com\\\/index.php\\\/mentions-legales\\\/\"]}]},{\"@type\":\"BreadcrumbList\",\"@id\":\"https:\\\/\\\/telemesure.com\\\/index.php\\\/mentions-legales\\\/#breadcrumb\",\"itemListElement\":[{\"@type\":\"ListItem\",\"position\":1,\"name\":\"Home\",\"item\":\"https:\\\/\\\/telemesure.com\\\/\"},{\"@type\":\"ListItem\",\"position\":2,\"name\":\"Mentions l\u00e9gales\"}]},{\"@type\":\"WebSite\",\"@id\":\"https:\\\/\\\/telemesure.com\\\/#website\",\"url\":\"https:\\\/\\\/telemesure.com\\\/\",\"name\":\"Telemesure\",\"description\":\"Plateforme d&#039;Hypervision IoT multi-r\u00e9seau , D\u00e9velopp\u00e9e par la SNOC pour la gestion des objets connect\u00e9s.\",\"publisher\":{\"@id\":\"https:\\\/\\\/telemesure.com\\\/#organization\"},\"potentialAction\":[{\"@type\":\"SearchAction\",\"target\":{\"@type\":\"EntryPoint\",\"urlTemplate\":\"https:\\\/\\\/telemesure.com\\\/?s={search_term_string}\"},\"query-input\":{\"@type\":\"PropertyValueSpecification\",\"valueRequired\":true,\"valueName\":\"search_term_string\"}}],\"inLanguage\":\"fr-FR\"},{\"@type\":\"Organization\",\"@id\":\"https:\\\/\\\/telemesure.com\\\/#organization\",\"name\":\"Telemesure\",\"url\":\"https:\\\/\\\/telemesure.com\\\/\",\"logo\":{\"@type\":\"ImageObject\",\"inLanguage\":\"fr-FR\",\"@id\":\"https:\\\/\\\/telemesure.com\\\/#\\\/schema\\\/logo\\\/image\\\/\",\"url\":\"https:\\\/\\\/telemesure.com\\\/wp-content\\\/uploads\\\/2024\\\/09\\\/logo-telemesure.net-FINAL-RGB-72dpi_06042018.jpg\",\"contentUrl\":\"https:\\\/\\\/telemesure.com\\\/wp-content\\\/uploads\\\/2024\\\/09\\\/logo-telemesure.net-FINAL-RGB-72dpi_06042018.jpg\",\"width\":766,\"height\":164,\"caption\":\"Telemesure\"},\"image\":{\"@id\":\"https:\\\/\\\/telemesure.com\\\/#\\\/schema\\\/logo\\\/image\\\/\"}}]}<\/script>\n<!-- \/ Yoast SEO plugin. -->","yoast_head_json":{"title":"Mentions l\u00e9gales - Telemesure.net","robots":{"index":"index","follow":"follow","max-snippet":"max-snippet:-1","max-image-preview":"max-image-preview:large","max-video-preview":"max-video-preview:-1"},"canonical":"https:\/\/telemesure.com\/index.php\/mentions-legales\/","og_locale":"fr_FR","og_type":"article","og_title":"Mentions l\u00e9gales - Telemesure.net","og_description":"EDITEUR DU SITESoci\u00e9t\u00e9 Nationale des Objets Connect\u00e9sForme Juridique : SASCapital : 38.700\u20acRCS Angers 809 823 065 Si\u00e8ge Social :7 rue du Bon Puits49480 Verri\u00e8re en AnjouFRANCE Contact email par formulaire \u00e0 l&rsquo;adresse :&nbsp;https:\/\/telemesure.com\/index.php\/contact\/ Num\u00e9ros d&rsquo;appel (standard du si\u00e8ge social) :T\u00e9l : +33 (0)252 350 490Fax : +33 (0)972 250 546du lundi au vendredi de 9h00 [&hellip;]","og_url":"https:\/\/telemesure.com\/index.php\/mentions-legales\/","og_site_name":"Telemesure.net","article_modified_time":"2024-10-11T09:50:02+00:00","twitter_card":"summary_large_image","twitter_misc":{"Dur\u00e9e de lecture estim\u00e9e":"10 minutes"},"schema":{"@context":"https:\/\/schema.org","@graph":[{"@type":"WebPage","@id":"https:\/\/telemesure.com\/index.php\/mentions-legales\/","url":"https:\/\/telemesure.com\/index.php\/mentions-legales\/","name":"Mentions l\u00e9gales - Telemesure.net","isPartOf":{"@id":"https:\/\/telemesure.com\/#website"},"datePublished":"2024-10-11T08:52:03+00:00","dateModified":"2024-10-11T09:50:02+00:00","breadcrumb":{"@id":"https:\/\/telemesure.com\/index.php\/mentions-legales\/#breadcrumb"},"inLanguage":"fr-FR","potentialAction":[{"@type":"ReadAction","target":["https:\/\/telemesure.com\/index.php\/mentions-legales\/"]}]},{"@type":"BreadcrumbList","@id":"https:\/\/telemesure.com\/index.php\/mentions-legales\/#breadcrumb","itemListElement":[{"@type":"ListItem","position":1,"name":"Home","item":"https:\/\/telemesure.com\/"},{"@type":"ListItem","position":2,"name":"Mentions l\u00e9gales"}]},{"@type":"WebSite","@id":"https:\/\/telemesure.com\/#website","url":"https:\/\/telemesure.com\/","name":"Telemesure","description":"Plateforme d&#039;Hypervision IoT multi-r\u00e9seau , D\u00e9velopp\u00e9e par la SNOC pour la gestion des objets connect\u00e9s.","publisher":{"@id":"https:\/\/telemesure.com\/#organization"},"potentialAction":[{"@type":"SearchAction","target":{"@type":"EntryPoint","urlTemplate":"https:\/\/telemesure.com\/?s={search_term_string}"},"query-input":{"@type":"PropertyValueSpecification","valueRequired":true,"valueName":"search_term_string"}}],"inLanguage":"fr-FR"},{"@type":"Organization","@id":"https:\/\/telemesure.com\/#organization","name":"Telemesure","url":"https:\/\/telemesure.com\/","logo":{"@type":"ImageObject","inLanguage":"fr-FR","@id":"https:\/\/telemesure.com\/#\/schema\/logo\/image\/","url":"https:\/\/telemesure.com\/wp-content\/uploads\/2024\/09\/logo-telemesure.net-FINAL-RGB-72dpi_06042018.jpg","contentUrl":"https:\/\/telemesure.com\/wp-content\/uploads\/2024\/09\/logo-telemesure.net-FINAL-RGB-72dpi_06042018.jpg","width":766,"height":164,"caption":"Telemesure"},"image":{"@id":"https:\/\/telemesure.com\/#\/schema\/logo\/image\/"}}]}},"_links":{"self":[{"href":"https:\/\/telemesure.com\/index.php\/wp-json\/wp\/v2\/pages\/942","targetHints":{"allow":["GET"]}}],"collection":[{"href":"https:\/\/telemesure.com\/index.php\/wp-json\/wp\/v2\/pages"}],"about":[{"href":"https:\/\/telemesure.com\/index.php\/wp-json\/wp\/v2\/types\/page"}],"author":[{"embeddable":true,"href":"https:\/\/telemesure.com\/index.php\/wp-json\/wp\/v2\/users\/2"}],"replies":[{"embeddable":true,"href":"https:\/\/telemesure.com\/index.php\/wp-json\/wp\/v2\/comments?post=942"}],"version-history":[{"count":3,"href":"https:\/\/telemesure.com\/index.php\/wp-json\/wp\/v2\/pages\/942\/revisions"}],"predecessor-version":[{"id":971,"href":"https:\/\/telemesure.com\/index.php\/wp-json\/wp\/v2\/pages\/942\/revisions\/971"}],"wp:attachment":[{"href":"https:\/\/telemesure.com\/index.php\/wp-json\/wp\/v2\/media?parent=942"}],"curies":[{"name":"wp","href":"https:\/\/api.w.org\/{rel}","templated":true}]}}